divided by 72.
53
Let c = 34 - 20. Let l be ((-3)/2 - -2)*(2 - -4). Suppose i = -d + 42, -l*d + 118 = -5*i + 312. What is the remainder when i is divided by c?
12
Let s = -170 - -245. Let k = 408 + -402. Calculate the remainder when s is divided by 7 + -2 + k + 2 + -2.
9
Suppose -221*u = -23276 - 592. Calculate the remainder when 370 is divided by u.
46
Let i = 9 - -11. Suppose 2*w = 6*w - i. Let f = 28 - w. What is the remainder when 64 is divided by f?
18
Suppose -5*v + 5 = -3*r, r - 5*v + 10 = -r. Suppose 2*h = -r*t + 4*h + 303, t - h - 60 = 0. Let s = t + 4. Calculate the remainder when s is divided by 17.
14
Suppose 3*t = 3*h - 1175 - 994, 5*t + 20 = 0. What is the remainder when h is divided by 5?
4
Let j(g) be the second derivative of -3*g**4/4 - 55*g**3/3 + 3*g**2 + 13*g + 4. Calculate the remainder when j(-12) is divided by 10.
0
Calculate the remainder when 2847 is divided by (-2*4254/24)/((-7)/2 - -3).
11
Let t(d) = 6*d**2 - 235*d + 708. What is the remainder when 1306 is divided by t(3)?
52
Suppose -5*n + 21 = g, 0*n + 5*n + 2*g - 17 = 0. Suppose n*w = -2*s + 88, 8*w - 13*w + 85 = 5*s. Calculate the remainder when 70 is divided by w.
16
Suppose -u - 4*o = -18 + 11, 2*o = u - 49. Calculate the remainder when 52 is divided by u.
17
Suppose 2*o - 4*x = 902, 19*o - 3900 = -5*x + 4368. What is the remainder when o is divided by 18?
5
Let f(i) = 3 - 21*i**3 - 2*i**2 - 8*i + 15*i**3 + 19*i**3 + 5*i. What is the remainder when f(2) is divided by 26?
15
Let u = 33 - 7. Suppose 6*z - 244 = 4*n, -33*z + 49 = -32*z + n. What is the remainder when z is divided by u?
18
Let j = -45 - 81. Let q = -40 - j. Calculate the remainder when q is divided by -7 + 9 + (1 - -26).
28
Let w = -4679 - -4682. Suppose -x = 4*x - 85. What is the remainder when x is divided by w?
2
Let k(j) = -3*j + 23. Let i be k(-10). Suppose -i*f = -22875 + 4749. What is the remainder when f is divided by 87?
81
Suppose 20130 = -68*c + 190*c. Calculate the remainder when 433 is divided by c.
103
Let d = 19412 - 14519. Calculate the remainder when d is divided by 9.
6
Let h(j) = -9*j**2 + 16*j + 19. Calculate the remainder when 1962 is divided by h(0).
5
Suppose -5*g + 600 = 2*b, 0 = -b - 0*b + 5*g + 315. Let u(n) = -n**3 + 12*n**2 + 13*n + 17. Calculate the remainder when b is divided by u(13).
16
Let s(r) = 169*r**2 + 1413*r - 22. What is the remainder when s(-9) is divided by 21?
5
Let d(r) = r**3 - 9*r**2 - 20*r - 36. Let f be d(11). What is the remainder when 152 is divided by (-172)/(-7) - (-8)/f - 2?
20
Let p be (2 - (-2 - -3))/(7/35). Suppose 94 = p*y + 3*v, 2*y + 24 = -2*v + 64. What is the remainder when 60 is divided by y?
9
Let w be (4/6)/(-4 + 37/9). Suppose -4 = w*u - 40. Suppose f = u*f - 35. What is the remainder when 26 is divided by f?
5
Suppose -25*l + 254 = -23*l. Let g = l + -120. What is the remainder when g is divided by 6?
1
Suppose 0 = 11*j - 914 - 21. Calculate the remainder when 3821 is divided by j.
81
What is the remainder when 5699 is divided by (5/10)/(21/1260)?
29
Suppose -5*h - 120 = -20*h. Suppose -6006 = -h*f - 18*f. Calculate the remainder when f is divided by 58.
57
Suppose 5*c = 4*k + 9, 0 = 7*k - 2*k + 5*c - 45. Let o(m) = m**2 - m + 6. Let h be o(-7). Suppose k*l - 106 = h. What is the remainder when l is divided by 23?
19
Let o(q) = -4*q - 10. Let h be o(-4). Suppose -h*x - 28 = -4*x. What is the remainder when 33 is divided by (-1)/((7 + -5)/x)?
5
Suppose 4*z + q = -78, z + q - 6 = -27. Let d = 67 - z. Calculate the remainder when 170 is divided by d.
84
Let a(n) = -n**2 + 28*n + 7. Let z be a(21). Suppose 2*i = -4*w + z, -3*w + 185 - 67 = 4*i. What is the remainder when w is divided by 15?
8
Suppose 4*j - 3 = -p, j = -p - 2*j + 4. Calculate the remainder when 10/((-1294615)/23547 + 55) is divided by p.
4
Let u = -140 + 40. Let m = -71 - u. Suppose -j = b - 3*b - 3, 2*b = 3*j - m. What is the remainder when j is divided by 7?
6
Suppose 5*g - 38 = 17. Let o = 3874 - 3828. What is the remainder when o is divided by g?
2
Suppose -q + 2*y - 26 = 0, 2 = -3*q - y - 41. Let v = 145 - 82. What is the remainder when v is divided by q*(-7 + (5 - 0))?
31
Suppose -75*s + 353*s = 3614. What is the remainder when 3144 is divided by s?
11
What is the remainder when (-19328)/(-11) - 6/(-18)*6/(-22) is divided by 26?
15
Let t = -10931 - -10994. Calculate the remainder when 1202 is divided by t.
5
Suppose -18*t + 28*t = -1840. Let l = t + 187. What is the remainder when 25 is divided by l?
1
Let z = -224 - -54. Let o = z + 196. What is the remainder when 111 is divided by o?
7
Suppose -24*z + 629 = -499. Suppose -11 = -48*r + z*r. What is the remainder when 108 is divided by r?
9
Suppose -y - j = 4*y - 27, 4*j + 18 = y. Calculate the remainder when 403 is divided by y.
1
Let x = 187507 + -187463. Suppose -2*s - s = 5*h - 54, 5*h - 33 = 4*s. Calculate the remainder when x is divided by h.
8
Let o(k) = 2*k**3 - 122*k**2 + 124*k - 199. Calculate the remainder when 560 is divided by o(60).
27
Suppose d - 48 = -i, 5*d = -3*i + 4*d + 148. Let g = 174709 - 174010. Calculate the remainder when g is divided by i.
49
Let c(r) = -r**2 + 8*r - 7. Let p = -24 - -22. Calculate the remainder when c(6) is divided by p + 1 + 10 + -7.
1
Let f be (20/(-6))/(16/(-24)). Suppose 2*k + 0*k - 2*v = 6, f*v + 15 = 3*k. Suppose k = 5*b - 22 - 48. Calculate the remainder when 41 is divided by b.
13
What is the remainder when 937 is divided by 39/((-1404)/(-10944)) - (6 - 1)?
40
What is the remainder when (39/156)/((-2)/(-1454))*4 is divided by 61?
56
Suppose 7*v - 36 = 3*v. Suppose 3*w = -4*u + 61, -w = -8 + 9. Calculate the remainder when u is divided by 7*3/v*3.
2
Suppose -1570 + 11938 = 288*f. What is the remainder when 2839 is divided by f?
31
Suppose 0 = 288*d - 287*d. Suppose d = -3*a + 102 + 30. What is the remainder when a is divided by 9?
8
Let s(b) = 69*b + 332. Let u be s(-9). Suppose 4*y + 398 + 142 = 0. Let r = y - u. What is the remainder when r is divided by 39?
37
Suppose -4*f + 2798 = -2*l, -5*l = 4*f - 601 - 2190. Calculate the remainder when f is divided by 87.
3
Let h(s) = -6 + 4*s**3 - 7*s**2 - 24*s**2 - 3*s**3 + 9*s**2 + 38*s. Let u be h(21). Suppose 4*k - u + 87 = 0. What is the remainder when k is divided by 23?
20
Let l(u) = 10*u**3 + 7*u**2 - 22*u + 31. What is the remainder when 871 is divided by l(2)?
16
Suppose -138*x + 3785 = -117570 - 32239. Calculate the remainder when x is divided by 36.
33
Let b = 215400 - 215385. Let d(t) = 22*t**2 - 2*t. What is the remainder when d(2) is divided by b?
9
Suppose -2*t - 28 = -110. Let h = 44 - 40. Suppose -5*s - h*o = -581, -2 = 2*o - 0. What is the remainder when s is divided by t?
35
Suppose -14 - 6 = 4*x. Let l(g) = -18*g - 49. What is the remainder when l(-6) is divided by x/(-25) - 258/(-10)?
7
Suppose -75 + 78 = 3*q. Calculate the remainder when 57 is divided by 2/(4*q) + 184/16.
9
Let g = -820 - -829. Let j = 7 + -6. Suppose 3*b - 20 = z, -3*z = 5 + j. Calculate the remainder when g is divided by b.
3
Suppose 5*r = -4*r - 3150. Let q be 6/33 - (r/(-22))/5. What is the remainder when q + 13 + -13 + 26/1 is divided by 9?
5
Let l = -100 - -200. Let j = 0 - -10. Calculate the remainder when j is divided by (-189)/(-39) - (-4 - l/(-26)).
0
Let y be (-192)/(-33) - 14/(-77). Suppose -12*i = -15*i + y. Calculate the remainder when 11 is divided by i.
1
Let n be (-2 + -6 - 4)*(-28)/21. Calculate the remainder when 40 is divided by 72/(24/(-3)) + n.
5
Suppose -2 = 3*r + 5*a + 6, -3*r + 16 = -a. Suppose 5*p + 5*h = 257 + 23, 0 = r*h + 8. Calculate the remainder when p is divided by 31.
27
Let r = -6918 + 7853. Calculate the remainder when r is divided by 18.
17
Let k(o) = -o**2 + 24*o + 443. Let u = -323 - -312. Suppose -v + 6*v - 105 = 0. Calculate the remainder when k(u) is divided by v.
16
Suppose 445*i = 434*i + 1012. Calculate the remainder when i is divided by 62.
30
Let w(f) = f + f**2 - f**2 - 2 - 2 + 2*f**2. Let j be w(-2). Let a = j - -115. Calculate the remainder when a is divided by 24.
21
Suppose -3*w = 73*r - 69*r - 2575, -w + 835 = -2*r. Calculate the remainder when w is divided by 199.
53
Suppose -85 = -5*n + 5*m, 2*m = 4*m + 2. Let a(w) = -w**3 + 8*w**2 + 10*w + 9. What is the remainder when a(8) 